5 + -1901. Calculate the remainder when (-204)/(-10) + (-6)/(-10) is divided by v.
1
Suppose 0 = 14*k - 7*k - 455. Let g = -30 + k. What is the remainder when 67 is divided by g?
32
Let s(z) = 9*z - 128. Let i(r) = -11*r - 293. Let k be i(-30). Calculate the remainder when s(k) is divided by 52.
49
Let u(w) = 24*w. Let s(q) = 48*q + 5. Let j(y) = 3*s(y) - 5*u(y). What is the remainder when 347 is divided by j(1)?
35
Let t be (-7)/(-2)*64/112. Suppose t*k - 20 = -2*k. Let q(x) = x**2 - 4*x + 3. What is the remainder when q(k) is divided by 2?
0
Let t be (-3 + 7 + -3)*2. Suppose -t*l = -5*r - 9, 7*l - 25 = 4*l - 4*r. What is the remainder when 53 is divided by (l - -3) + (-8)/(-2)?
11
Let q(n) = n. Let z(h) = -5*h + 137. Let c(d) = -4*q(d) + z(d). What is the remainder when 39 is divided by c(12)?
10
Suppose 1320*g = 1295*g + 900. Calculate the remainder when 955 is divided by g.
19
Suppose 15 + 17 = 2*u. Let t = -1026 - -1169. What is the remainder when t is divided by u?
15
Suppose -11*y + y + 1260 = 0. What is the remainder when 558 is divided by ((y/(-15))/7)/(6/(-280))?
54
Suppose 0 = 2*l + 3079 - 3157. Calculate the remainder when 83 is divided by l.
5
Suppose -13722 = -20*v - 71*v + 37056. What is the remainder when v is divided by 51?
48
Suppose -2*p - 3*z + 1076 = 0, 102*p - 97*p - 2*z = 2747. What is the remainder when 1111 is divided by p?
17
Let t = 19462 - 19281. What is the remainder when 915 is divided by t?
10
Suppose -36 + 40 = -2*p, -5*f - 4*p = -1017. Calculate the remainder when 594 is divided by f.
184
Suppose 2*r - 2*r = -3*j - 2*r + 48, -3*r = 0. Calculate the remainder when 1086 is divided by j.
14
Let b(k) = k**3 + 3*k**2 + k + 1. Let j be b(-3). Let r(a) = 2*a**3 + 4*a**2 - 3*a + 2. Calculate the remainder when 36 is divided by r(j).
4
Let y(s) = -s**3 + 31*s**2 - 50*s - 215. What is the remainder when 355 is divided by y(29)?
15
Suppose -2 = 2*q, 3651 = -5*g + 9*g - 3*q. What is the remainder when 923 is divided by g?
11
Suppose -4*c = -4*k - 950 + 702, -2*k = 2*c - 144. What is the remainder when 3615 is divided by c?
64
Suppose -761 + 167 = 11*y. Calculate the remainder when (-161)/(-5) - y/(-45) is divided by -3*((-34)/6 - 0).
14
Let j = -5137 - -5152. What is the remainder when 3568 is divided by j?
13
Suppose -2*o + 0*b = -2*b - 142, -2*b + 68 = o. Let g = o - 57. Suppose 5*h - 21 = -f, 0 = 2*f + 3*h - 8 - g. Calculate the remainder when 20 is divided by f.
2
Suppose 22*b - 473 = -187. Suppose 0 = b*c + 5*c - 684. Calculate the remainder when 51 is divided by c.
13
Let c = -118 - -230. Suppose 0 = 51*w - 54*w - 12. What is the remainder when c is divided by ((-1081)/141)/(2/(-6)) + w?
17
Let a = -13323 + 13336. Let m = -10 - -24. What is the remainder when m is divided by a?
1
Let l = 11615 + -10667. Calculate the remainder when l is divided by 314.
6
Let x(s) = 2*s**2 + 4655*s + 23253. Let a(o) = 4*o + 7. Calculate the remainder when x(-5) is divided by a(5).
1
Suppose 15*s - 24 + 8 - 29 = 0. What is the remainder when 1382 is divided by s?
2
Suppose -56*a - 389 + 837 = 0. Calculate the remainder when 25 is divided by a.
1
Suppose 4*r - 888 = 2*s, 17*r - 648 = 14*r - 3*s. Let g = 291 - r. Calculate the remainder when 637 is divided by g.
69
Suppose -232 = -2*s - 4*w, 4*s + 5*w - 112 = 373. Calculate the remainder when 947 is divided by s.
37
Calculate the remainder when 3452 is divided by 7/35 - (-1792)/315 - (-1)/9.
2
Let m(x) be the second derivative of 4*x**3/3 + 56*x**2 - 5*x - 4. Calculate the remainder when m(8) is divided by 36.
32
Suppose 5*m + 12 - 82 = 0. Calculate the remainder when 1 - -1 - (6 + -29) is divided by m.
11
Let b(m) be the third derivative of -m**5/30 - 7*m**4/4 - 6*m**3 - 130*m**2. Let g(j) = 2*j - 9. What is the remainder when b(-20) is divided by g(6)?
1
Suppose 55 = 3*a + 4*w, 4*a - 90 + 18 = -5*w. Let g(t) = t**2 - 16*t + 9. Let p be g(a). Calculate the remainder when 44 is divided by (p/8)/(11/(-44)).
14
Let a = 87 + -50. Let z = 1160 - 1106. What is the remainder when z is divided by a?
17
Let q be (2/(-4))/((-25)/250). Suppose 0 = 4*k - 0*s + 3*s - 5, 0 = q*k - 5*s - 15. Let p(n) = 16*n. Calculate the remainder when p(k) is divided by 11.
10
Suppose 12*z + 760 = 52. Let g = -56 - z. What is the remainder when 23 is divided by (g + 5/(-10))/((-2)/(-4))?
3
Let h be 578*((-1)/(-2) - 0). Let d = -183 + h. Suppose 12587*w + 5058 = 12868*w. What is the remainder when d is divided by w?
16
Suppose -4*n + 91 = 3*p - 24, -3*n + p + 96 = 0. What is the remainder when 160 is divided by n?
5
Let a(x) = x**2 + 17*x + 10. Let b be a(-10). Let o = b + 63. Suppose -22 - 9 = -s + o*f, 5*s + 3*f = 119. Calculate the remainder when s is divided by 14.
11
Suppose -13*k - 12*k + 10608 + 15192 = 0. Calculate the remainder when k is divided by 512.
8
Let a be (-110)/(-24)*3 - 9/12. Suppose -12*j = -a*j + 3. Suppose 89 - 416 = -j*i. Calculate the remainder when i is divided by 19.
14
Let y(s) = s**2 - 8*s + 12. Let t = 10454 - 10450. Calculate the remainder when y(9) is divided by t.
1
Suppose -4*p - 9*p = -12*p - 552. Calculate the remainder when 1667 is divided by p.
11
Let h(q) = -q**2 + 50*q + 755. Calculate the remainder when 2869 is divided by h(-12).
9
Let h(a) = -a**3 - a**2 + 16. Let k(d) = -4*d**2 + 48*d - 42. What is the remainder when h(0) is divided by k(11)?
0
What is the remainder when 402 is divided by 5 + -1 + 249/6 + (-21)/42?
42
Suppose -254 + 2 = -5*q - 16*q. What is the remainder when 183 is divided by q?
3
Suppose -3*z + 55*c = 50*c - 179, -5*c - 247 = -4*z. What is the remainder when z is divided by 9?
5
Let r = 676 - 900. Calculate the remainder when -1 - 4 - r/7 is divided by 2.
1
Let p(t) = 493*t - 1445. Let q(j) = 13*j - 38. Let o(f) = -4*p(f) + 153*q(f). What is the remainder when 405 is divided by o(5)?
48
Let s(l) = 3*l**2 + 8*l + 8. Let n be s(-7). Let t = 101 - n. Suppose 0 = t*y - 3*z - z - 170, -4*y = 4*z - 280. What is the remainder when y is divided by 11?
9
Suppose -127*k + 16002 = -k. Calculate the remainder when 527 is divided by k.
19
Calculate the remainder when (7 + 27)/(24/(-18)*4 + 6) is divided by -1*(-26 + 0 - -2).
3
Suppose 4*u - 3*u = 5*o - 1216, 3*o - 736 = -u. Let k = 27096 + -27020. Calculate the remainder when o is divided by k.
16
Let n = 339 + -182. Let k = -10 + n. Calculate the remainder when k is divided by 75.
72
Suppose 0*b + 13*b + 2719 = 13275. What is the remainder when b is divided by 22?
20
Let d(k) = 4*k - 6. Calculate the remainder when 36/(-42) - (-13)/((-819)/(-1251)) is divided by d(3).
1
Suppose j = -2*j + 1035. Let r = -308 + j. Calculate the remainder when 143 is divided by r.
32
Let c(q) = 67*q - 2258. Calculate the remainder when 942 is divided by c(36).
18
Suppose 19 = -21*t + 68 + 77. Calculate the remainder when 552 is divided by t.
0
Suppose 9*b - 14 - 517 = 0. Calculate the remainder when 357 is divided by b.
3
Suppose 0 = -10*h + 13*h + 3, 0 = 2*k - 2*h - 502. Calculate the remainder when k is divided by 4.
2
Let r(x) = 213*x**2 - 18*x + 53. Calculate the remainder when r(4) is divided by 64.
61
Let u(n) = 2*n**2 + 74*n - 732. What is the remainder when 144 is divided by u(9)?
48
Suppose -58*k + 63151 = 11009. Calculate the remainder when k is divided by 64.
3
Suppose -4*l = 4, 30*l - 2470 = -3*s + 25*l. What is the remainder when s is divided by 411?
3
Suppose -5*n - 880*y = -883*y - 5394, 4*n + 2*y = 4346. What is the remainder when n is divided by 301?
180
Suppose 48 + 56 = 4*h. Calculate the remainder when -1*((-14)/2 + -22) is divided by h.
3
Suppose -5*l + 8*l + 2091 = 0. Let d = -463 - l. Suppose -11*r + d = -2*r. What is the remainder when 102 is divided by r?
24
Let l(x) = 6*x**2 - 105*x - 121. What is the remainder when l(24) is divided by 4?
3
Suppose 129 = 4*j - 115. Suppose -3*y + 2*q = -14, 2*y + 5*q = -0*y + 3. Calculate the remainder when j is divided by (48/9 - y) + (-23)/(-3).
7
Suppose -4*c - 2*y + 2333 = -35, 0 = -5*y - 30. Calculate the remainder when c is divided by 179.
58
Suppose -58*y + 786 = -52*y. Calculate the remainder when y is divided by 39 - -5*16/(-20).
26
What is the remainder when ((-7475)/(-650))/(2/20) is divided by 72?
43
Let h be (-2)/4 - 206/(-4). Suppose 0 = 121*r - 426 + 63. Supp